 = -1153 - o. Is g a prime number?
False
Let k = 2618 + -2458. Let a(z) = -3*z**2 + 4*z - 3. Let o be a(2). Is 18*k/35 + 2/o composite?
True
Let s(w) = 223*w - 40*w + 145*w + 25 + 114*w. Is s(1) composite?
False
Let d(q) = -417*q**3 + q**2 - 2*q - 3. Let o be d(-1). Let n = o - -4118. Is n prime?
False
Let z be (((-4)/7)/4 - -1)*21. Let g be (-58076)/(-36) - 4/z. Let x = g + -252. Is x a composite number?
False
Suppose -13*i = 24 + 15. Is (-131589)/(-6)*(-2)/i a prime number?
True
Let j be 2 - 13/((-117)/104328). Let v = -5971 + j. Is v prime?
True
Let i(a) = 450*a**3 - 3*a**2 + 30*a + 80. Is i(11) a composite number?
True
Let s(t) = -30953*t**3 + 4*t**2 + 4*t + 2. Let i be s(-1). Let o = -8390 + i. Is o a composite number?
True
Suppose -5*h = -6*f + 3*f - 14, 12 = 2*f + 2*h. Suppose 0 = -6*o + f*o - 2*i + 33000, -o = 2*i - 8247. Is o prime?
False
Suppose -89*u + 17762302 = -43*u. Is u prime?
False
Let h = 363 - 358. Suppose -3*d - h*l + 32826 = 0, l = -5*d + 64748 - 10060. Is d composite?
False
Let b(l) = 116*l + 12. Let k be b(-5). Let f be (2028/14)/((-2)/(-14)). Let n = k + f. Is n a prime number?
False
Suppose -51*b + 27911290 = 59*b. Is b a prime number?
False
Let y(q) = 1773*q**3 + 2*q**2 - 4*q + 2. Let s be y(1). Let k = s - -664. Is k a composite number?
False
Let n(g) = 8 + 12*g + 60*g**3 - 7*g + 16*g - 19*g**2 - 59*g**3. Let q = -43 + 62. Is n(q) composite?
True
Is (-116)/1682 + (-17061528)/(-232) a composite number?
True
Let n(c) be the second derivative of 3*c**5/5 + 7*c**4/12 - 11*c**3/6 + 19*c**2/2 + 40*c - 2. Is n(6) a composite number?
False
Let k(s) = 13202*s**3 - 14*s**2 + 190*s - 989. Is k(5) prime?
True
Is ((-276)/32)/((-45)/2401320) a composite number?
True
Let f = -63 + 28. Let r be 5/f - 128/(-14). Suppose r = 9*q - 162. Is q prime?
True
Let r(l) = l**2 - 5*l + 8. Let o be r(3). Let c(z) = -25*z**3 - 3*z - 5*z**o - 11 - 24*z**3 - 9*z + 50*z**3. Is c(11) composite?
True
Is (((-13)/26)/(2/(-26776)))/((-2)/(-71)) a prime number?
False
Suppose 7282 = 8*o - 51942. Is o prime?
False
Suppose 59126 = 4*q + 7814. Let k = q - 8639. Is k a composite number?
True
Let t(d) = 9*d**2 - 25*d - 111. Let p be t(-11). Suppose -5*r + p = -2162. Is r prime?
True
Let o = -31 - -33. Let f be (o + -4 - 0) + 7 + 51. Is (84/f)/(3/1042 + 0) prime?
True
Let a(q) be the third derivative of 7*q**6/40 - q**5/10 + q**4/4 - 5*q**3/6 - 221*q**2. Suppose 0 = -3*v + 4 + 8. Is a(v) a prime number?
False
Let v(b) = b + 3*b + 27 + 3*b + 10*b. Let t be v(-17). Is (t/(-4))/(1/(17 - 3)) a composite number?
True
Let n be 29/116 + ((-88881)/4 - 1). Let c be 2/(-5) - (-2 - n/(-15)). Suppose -c = 8*l - 8515. Is l composite?
True
Suppose 9*g - 176 - 448 = -69*g. Suppose a - 4 = -0*a. Suppose -2*l - 3*u = -g*u - 548, -3*l + a*u + 815 = 0. Is l a composite number?
False
Let d(k) = -956*k - 11. Let b be d(-3). Let i = 7746 - b. Is i a prime number?
True
Suppose 5*z + 14 = p, -p + 5 = 1. Is 10/((-500)/(-941970)) + z/5 a prime number?
True
Suppose 0 = -5*l + 20, -4*a - 5*l + 421482 = 23370. Is a composite?
False
Let r be (-4)/(1 - -1) + 1473. Let o be ((-8)/(-36))/((-10)/15)*0. Suppose 4*u + 123 - r = o. Is u composite?
False
Let j = 9441 + -13972. Let r = -1754 - j. Is r a prime number?
True
Suppose 5*z + 2*p - p = 121591, 4*p = -2*z + 48658. Is z a composite number?
False
Let g be 4/22 - 62/(-22). Suppose -g*x + 2*y = -4*x + 377, -2*y + 1885 = 5*x. Is x prime?
False
Let i(t) = -40*t**3 - t**2 - t - 29. Suppose -4*l - 18 = -m + 5, -4*m = -l + 13. Is i(l) composite?
False
Let u(d) = 124*d**2 + 202*d - 1785. Is u(-86) a prime number?
True
Suppose 43 = 3*u - 71. Suppose 0 = 2*n + 5*o - o - 80, -o + u = n. Suppose -n = -j + 2. Is j a composite number?
True
Let w(p) = -258*p - 53. Let i be w(-6). Let l = -338 + i. Is l prime?
False
Suppose 0*w + 27*w - 208953 = 0. Is w composite?
True
Suppose q + 47495 = -773*l + 776*l, q = -5*l + 79137. Is l a composite number?
True
Suppose 66*h + 421751 = 5*s + 62*h, -s = -h - 84349. Is s prime?
False
Let a(k) = 26*k**3 + 22*k**2 - 109*k - 8. Is a(5) composite?
True
Suppose 3*u - 4*b = 415179, 3*u - 43*b + 41*b = 415173. Is u a prime number?
True
Let m = -20 + 24. Let z be (-2)/12 + 31/6. Suppose 0 = 4*u - z*w - 795, -5*u = -w + m*w - 1040. Is u composite?
True
Suppose -3*s = -3*y - 693579, 3784*s - 4*y = 3789*s - 1155893. Is s composite?
True
Suppose 0 = -62*i + 3684114 + 3283898 + 895014. Is i composite?
False
Suppose 5*z + c - 13 = 8, 3*c = -2*z - 2. Suppose 5*t - z*l + 11466 = 97301, l - 17157 = -t. Is t prime?
False
Let k(b) = -1722*b**3 + 16*b**2 + 6*b + 45. Is k(-5) a composite number?
True
Let g(x) be the third derivative of x**6/120 + 9*x**5/20 + 31*x**4/24 + 37*x**3/6 + x**2 + 37. Is g(-16) composite?
False
Let q be 1*(-3)/(-4 + 274/70). Is (((-4)/6)/2)/(q/(-72555)) prime?
True
Let w(q) = q**3 - 23*q**2 + 164*q - 15. Is w(44) a composite number?
False
Suppose 21*x = 380438 + 653875. Is x prime?
True
Suppose -113187 + 22019 = -16*p. Suppose -4*w - w + 2*k = -14187, -2*w = 5*k - p. Is w prime?
False
Let q = -18 + 103. Let n = q + -78. Is 139534*(-1)/(-14) - (-2)/n a prime number?
True
Let d(a) = 5199*a**2 + 8546*a + 3. Is d(16) a prime number?
False
Suppose 2853*b - 2851*b - 2*v = 816542, -816566 = -2*b - 2*v. Is b a composite number?
True
Suppose 25264 = g + 4*h + 2037, -4*g - 5*h + 92875 = 0. Is g a prime number?
False
Let b = 517459 - 81206. Is b a composite number?
False
Is (147816/(-108))/((7/5502)/((-2)/8)) a prime number?
False
Is (-23 + 22)*-63210 - 8 composite?
True
Suppose -34*v = -32*v + 1468. Suppose -5*x - 18 = -3. Is (-15 + 1)*(x - v/(-4)) composite?
True
Is (-4 - (-3 + 1807807)/(-2)) + 9 prime?
False
Suppose -7*a - 21894 = 32804. Let y = a - -16925. Is y a prime number?
False
Suppose d = -h + 5031, 3*d + d = 4*h + 20140. Is d a prime number?
False
Suppose -4*m = -r - 21623, 16241 = -4*m + 7*m + 4*r. Is m a composite number?
False
Let t = 122 + -105. Suppose -t*i - 2*l = -13*i - 39918, -i = -5*l - 9952. Is i composite?
True
Let j(u) = -14357*u - u**3 - u**2 + 2*u**2 + 14362*u + 11641. Is j(0) a composite number?
True
Let k(v) = 6*v - 13. Let m be ((-33)/22)/((-2)/4). Let z be k(m). Suppose -3*t + y + 2723 = 0, t - z*y + y = 915. Is t a composite number?
False
Suppose 0 = 4*i + 4*c - 4, 2*i = 4*c + c + 23. Suppose x - 58 = k + 37, -4*x = i*k - 364. Is x a prime number?
False
Let a(d) = -251*d**3 + 1421*d**3 + 1 - 2 + 3*d - 2*d**2 + 115*d**3. Is a(1) a prime number?
False
Is (22405 + -172)/(2 - -1) a prime number?
True
Let s = -9 + 20. Suppose 16*b = s*b + 4265. Is b prime?
True
Let f = 301798 + -130101. Is f a composite number?
False
Let p(q) = 105748*q**2 + 6*q - 75. Is p(-5) prime?
False
Let u(t) = -118*t**3 + 21*t**2 + 100*t + 4. Is u(-9) a composite number?
True
Let l = -6132 - -9772. Suppose -6*k = -8*k + l. Suppose 5*i = -145 + k. Is i prime?
False
Suppose -4*v + 19652 = -4*p - 12936, -5*v + p = -40731. Let j = v - 437. Is j prime?
False
Let m(n) = 114*n**2 + 7*n + 28. Let v be m(6). Suppose 10 = 5*u, -4*g + u - 4*u = -v. Is g prime?
False
Suppose 2*q = -3*i - q + 112221, 2*q - 37411 = -i. Is i composite?
True
Let y = -418 + 423. Suppose 0 = 2*n + 4*l + 1052 - 4550, l + 8800 = y*n. Is n a prime number?
True
Suppose -3*p = -5*m + 10*m - 66692, 0 = -2*m + 2. Is p a prime number?
True
Let g(t) = 13*t + 111. Let f be g(8). Suppose 0 = f*v - 230*v + 51495. Is v a composite number?
False
Let w be (2 - 30/25)*(-34210)/4. Let d = 12891 + w. Is d composite?
True
Suppose 0 = -3*h - 2*l - 4, -22*l = -5*h - 27*l - 10. Is 14/(-21)*(h - (-20724)/(-8)) a prime number?
False
Suppose -30*k + 18*k = -24. Suppose 4*z = -k*z + 762. Suppose z = 19*u - 18*u. Is u a composite number?
False
Let j = -444 + 447. Suppose -3*u + 53323 = 5*h + 17411, -4*h = j*u - 35911. Is u a composite number?
False
Let c(s) = s**3 - s**2 + s + 1. Let g(b) = 3*b**3 - 12*b**2 - 7*b + 9. Let h(m) = -2*c(m) + g(m). Let w be h(6). Let t = 188 - w. Is t a prime number?
True
Let t(i) = -5*i + 2. Let q(x) = 6*x - 2. Let n(r) = -4*q(r) - 5*t(r). Let w be n(4). Suppose -145 = -w*d + 109. Is d a prime number?
True
Let k be 3/(-2)*120/45. Let x be ((-2)/k)/(1/20). Suppose x*l = 859 + 971. Is l a prime number?
False
Suppose -6*s + 187403 + 281941 = 0. Suppose -28*